*2 - 41*q + 104. Give j(38).
-10
Let d(k) = 81*k + 58. What is d(-1)?
-23
Let f(j) = 615*j - 3090. What is f(5)?
-15
Let w(q) = 78*q + 247. Give w(-3).
13
Let a(w) = -10*w - 46. Determine a(19).
-236
Let w(l) = -l**2 + 43*l + 46. What is w(44)?
2
Let m(v) = 234*v**2 + 1869*v - 1. What is m(-8)?
23
Let u(k) = -18*k - 78. Calculate u(12).
-294
Let f(h) = 16*h**3 + 2*h**2 + 2*h - 1. What is f(-2)?
-125
Let m(c) = 3*c - 71. Determine m(22).
-5
Let s(g) = 2*g**2 + 63*g + 487. What is s(-14)?
-3
Let k(t) = 35*t - 64. Determine k(2).
6
Let g(a) = 3*a**2 - 45*a - 14. What is g(8)?
-182
Let n(q) = q**3 - 13*q**2 - 6*q - 113. Determine n(14).
-1
Let g(v) = -25*v**2 - 27*v + 93. Calculate g(3).
-213
Let v(j) = -42*j + 853. Calculate v(14).
265
Let u(a) = -717*a + 1383. Give u(2).
-51
Let s(w) = -100*w + 207. Calculate s(2).
7
Let a(g) = -10*g**2 - 1551*g - 160. Determine a(-155).
-5
Let o(l) = -2*l**3 - 74*l**2 - 75*l - 9. Give o(-36).
99
Let w(o) = -16*o - 43. Give w(7).
-155
Let v(b) = 19*b + 173. Determine v(-10).
-17
Let d(k) = 16*k**2 + 129*k - 16. Calculate d(-8).
-24
Let t(x) = -x**2 - 72*x + 2700. What is t(-99)?
27
Let z(o) = -o**3 + 90*o**2 + 277*o - 396. Give z(93).
-582
Let k(m) = -13*m**3 - 4*m**2 - 14*m - 10. Calculate k(-2).
106
Let h(w) = 20*w - 1183. What is h(59)?
-3
Let o(m) = m**3 + 20*m**2 + 5*m - 580. Calculate o(-18).
-22
Let r(u) = -u**2 - 4*u - 16. What is r(-5)?
-21
Let m(i) = -2*i**2 - 694*i - 2741. Determine m(-4).
3
Let x(d) = 128*d + 377. Give x(-3).
-7
Let y(p) = 5*p + 87. Determine y(0).
87
Let w(y) = -11*y**2 + 267*y + 181. Calculate w(25).
-19
Let g(c) = 63*c + 455. What is g(-7)?
14
Let n(b) = -2*b**2 - 12*b - 20. Calculate n(-2).
-4
Let p(h) = -h**3 + 27*h**2 - 41*h - 212. Give p(25).
13
Let b(o) = -o**2 - 10*o + 88. Give b(-15).
13
Let y(r) = 25*r + 28. Determine y(-6).
-122
Let d(x) = -x**3 + 14*x**2 + 17*x + 57. What is d(14)?
295
Let k(s) = -16*s + 1227. What is k(72)?
75
Let p(m) = 7159*m - 9. Give p(0).
-9
Let o(a) = 5*a**2 - 73*a - 639. Calculate o(-6).
-21
Let m(d) = 5*d**2 - 386*d + 1187. Determine m(74).
3
Let t(l) = -l**3 + 41*l**2 - 102*l + 933. Determine t(39).
-3
Let j(x) = 12*x**2 + 70*x + 32. Calculate j(-5).
-18
Let i(y) = 23*y - 21. Give i(9).
186
Let u(k) = k**3 + 2*k**2 - 11*k - 12. Give u(-3).
12
Let k(q) = -q**2 - 14*q + 42. Determine k(0).
42
Let j(n) = 8*n + 8. Give j(-11).
-80
Let h(a) = -a**3 - 23*a**2 + 17*a - 76. What is h(-22)?
-934
Let u(w) = w**2 + 135*w + 2108. What is u(-117)?
2
Let a(s) = s**3 + 171*s**2 + 169*s - 156. Determine a(-170).
14
Let v(w) = 11*w**3 + 3*w**2 - 7*w + 3. Calculate v(1).
10
Let z(c) = 10*c + 17. Calculate z(-3).
-13
Let s(z) = z**3 - 21*z + 104. What is s(4)?
84
Let p(i) = -227*i**2 - i + 2. What is p(1)?
-226
Let z(r) = -r**3 - 123*r**2 - 125*r - 375. Determine z(-122).
-9
Let m(g) = 2*g**2 + 37*g - 428. Determine m(-28).
104
Let l(s) = -9*s - 727. What is l(-86)?
47
Let o(n) = 244*n + 38066. Determine o(-156).
2
Let v(z) = z**3 - 21*z**2 - 31*z - 265. What is v(23)?
80
Let z(l) = 6*l**2 - 181*l - 788. Calculate z(34).
-6
Let h(p) = 187*p - 1847. Give h(8).
-351
Let m(t) = 12*t**2 - 138*t + 76. What is m(11)?
10
Let r(w) = 1279*w + 10218. Determine r(-8).
-14
Let h(f) = 122*f + 3770. Give h(-31).
-12
Let k(s) = s**3 - 39*s**2 + 151*s + 505. Calculate k(7).
-6
Let h(p) = -p**3 - 12*p**2 + 93*p + 1061. What is h(-11)?
-83
Let b(g) = -3*g**2 - 28*g + 81. Determine b(5).
-134
Let r(f) = -f**2 - 2385*f + 33586. What is r(14)?
0
Let n(l) = -186*l - 33. Give n(-2).
339
Let p(v) = -7682*v + 169010. Give p(22).
6
Let f(j) = j**3 + 18*j**2 + 28*j - 55. Calculate f(-14).
337
Let i(s) = -43*s**3 + s**2 + 130*s + 129. What is i(-1)?
43
Let v(a) = a**3 + 13*a**2 + 10*a + 18. Give v(-11).
150
Let b(p) = 3*p**3 + 108*p**2 - 111*p - 5. Calculate b(-37).
-5
Let b(t) = 203*t - 222. Give b(1).
-19
Let q(f) = 4*f**3 - 64*f**2 + 21*f - 43. Calculate q(15).
-628
Let c(l) = 56*l**2 - 15511*l - 284. Determine c(277).
-7
Let y(k) = -k**2 + 13*k + 214. Calculate y(24).
-50
Let g(b) = -b**2 + 305*b - 3570. Calculate g(12).
-54
Let j(s) = 3*s**3 - 149*s**2 - 60*s + 420. Calculate j(50).
-80
Let j(u) = -20*u - 277. Determine j(-18).
83
Let f(d) = -2*d**3 - 29*d**2 - 41*d - 54. Determine f(-13).
-28
Let m(b) = 7*b**2 + 21*b - 18. Calculate m(2).
52
Let i(y) = -5*y**3 - 295*y**2 - 4*y - 170. Calculate i(-59).
66
Let t(r) = -14*r - 578. Determine t(-42).
10
Let o(n) = -n**2 + 7*n + 167. What is o(18)?
-31
Let m(a) = 4*a**2 + 34*a + 10. Determine m(-8).
-6
Let y(k) = 19*k + 206. Give y(-20).
-174
Let d(v) = -11*v**2 + 825*v - 70. Calculate d(74).
744
Let v(t) = -35*t**2 + 29*t + 28. Give v(-1).
-36
Let w(j) = -2*j**3 - 23*j**2 - 20*j + 13. Determine w(-10).
-87
Let d(t) = -14*t**2 - 206*t - 134. Calculate d(-14).
6
Let c(u) = -2*u**3 + 72*u**2 - 196*u - 61. Calculate c(33).
5
Let a(j) = -2*j**2 + 34*j + 111. Determine a(19).
35
Let h(b) = -87*b**2 - 3. Give h(2).
-351
Let w(g) = -5*g + 227. Give w(46).
-3
Let o(w) = w**3 + 55*w**2 + 162*w + 302. What is o(-52)?
-10
Let p(q) = -349*q - 4880. Give p(-14).
6
Let z(f) = f**3 - 9*f**2 + 4*f - 33. Calculate z(8).
-65
Let m(d) = -d**2 - 230*d - 2427. What is m(-11)?
-18
Let f(z) = -181*z - 18834. Calculate f(-104).
-10
Let j(i) = -i**2 + 301*i - 595. Calculate j(2).
3
Let z(s) = 4*s**2 - 160. Determine z(-7).
36
Let w(t) = 48*t**2 + 329*t - 46. Determine w(-7).
3
Let r(w) = -w**3 + 71*w**2 - 76*w + 365. What is r(70)?
-55
Let p(a) = 4*a**3 - 23*a**2 + 27*a - 71. Give p(5).
-11
Let i(d) = 1007*d + 72508. Determine i(-72).
4
Let d(t) = 34*t + 257. Give d(-8).
-15
Let y(m) = 760*m - 756. What is y(1)?
4
Let i(o) = 43*o - 128. Give i(3).
1
Let n(p) = 7*p**2 + 193*p - 196. Give n(1).
4
Let d(y) = -49*y + 2168. What is d(45)?
-37
Let f(t) = 684*t + 7522. Give f(-11).
-2
Let k(m) = -511*m + 2070. Give k(4).
26
Let m(u) = -63*u + 368. Calculate m(16).
-640
Let y(n) = 4*n**3 + 6*n**2 - 3*n - 32. Determine y(-3).
-77
Let r(y) = -13*y - 306. Give r(-35).
149
Let g(u) = 614*u - 2457. Determine g(4).
-1
Let u(p) = p**3 + 26*p**2 + 26*p + 54. Give u(-25).
29
Let x(v) = -22*v - 1061. What is x(-48)?
-5
Let d(l) = l + 79. What is d(-4)?
75
Let d(f) = 78*f + 640. Determine d(-7).
94
Let j(c) = -c**3 - 193*c**2 - 2508*c - 299. Calculate j(-179).
59
Let y(j) = 30*j - 58. What is y(7)?
152
Let s(l) = 810*l + 20243. Calculate s(-25).
-7
Let s(y) = y**3 + 67*y**2 + 960*y - 1344. Calculate s(-45).
6
Let j(f) = -194*f + 2666. Calculate j(14).
-50
Let u(m) = -m**2 - 42*m - 389. Calculate u(-27).
16
Let i(z) = -z**2 + 30*z + 76. Calculate i(-8).
-228
Let v(r) = 2*r**3 - 29*r**2 + 27*r - 187. What is v(14)?
-5
Let j(n) = -2*n**2 + 513*n - 1535. Calculate j(3).
-14
Let f(b) = b**3 + 54*b**2 - 300*b - 280. Calculate f(-59).
15
Let l(s) = -s**3 - 48*s**2 - 134*s + 77. Give l(-45).
32
Let i(m) = m**3 - 5*m**2 - 64*m + 2. What is i(-6)?
-10
Let a(s) = s**2 - 15*s - 197. Give a(-8).
-13
Let z(h) = 15*h - 274. Determine z(44).
386
Let j(l) = -l**2 + 756*l + 4461. Give j(-6).
-111
Let v(j) = -4*j**3 - 193*j**2 - 382*j + 4. Determine v(-2).
28
Let o(r) = r**3 + 138*r**2 + 2455*r - 243. What is o(-117)?
-9
Let a(l) = -203*l**2 - 2640*l - 40. Determine a(-13).
-27
Let l(v) = v**2 + 155*v + 3122. Calculate l(-24).
-22
Let g(f) = -6*f**2 - 8*f + 320. Determine g(11).
-494
Let k(v) = -2*v**2 - 41*v + 10. Give k(0).
10
Let u(t) = -330*t - 25453. Determine u(-77).
-43
Let d(b) = -b**3 + 7*b**2 - 19*b + 43. What is d(6)?
-35
Let j(z) = -36*z + 893. Determine j(25).
-7
Let a(f) = -12*f - 106. Calculate a(-14).
62
Let d(a) = -11*a**3 + 97*a**2 + 22*a - 11. Determine d(9).
25
Let m(l) = -l**2 + 26*l - 165. Determine m(14).
3
Let n(a) = -73*a**2 - 223*a + 227. Calculate n(1).
-69
Let l(q) = 1147*q + 36699. Calculate l(-32).
-5
Let g(t) = -t**2 + 33*t - 173. Calculate g(6).
-11
Let b(q) = 433*q + 92. Determine b(0).
92
Let z(a) = a**3 - 20*a - 12. What is z(-5)?
-37
Let z(q) = q**3 - 21*q**2 + 22*q - 106. What is z(20)?
-66
Let o(z) = -z**3 + 11*z**2 + 177*z - 1960. What is o(11)?
-13
Let p(c) = -c**3 - 75*c**2 + 47*c + 3536. Determine p(-75).
11
Let n(l) = 44*l - 46. Give n(-5).
-266
Let l(r) = -r**3 + 51*r**2 + 80*r + 1368. What is l(53)?
-10
Let a(c) = -c**3 + 6*c**2 + 8*c + 17. What is a(7)